1)/(6/51 - (-405)/b).
2, 97
Let o(h) = 21*h**2 - 12. Let c be o(3). Suppose -c = -8*b + 367. List the prime factors of b.
2, 17
What are the prime factors of (312/30 - 10)*(-2 + 767)?
2, 3, 17
List the prime factors of 1557/18*(3 + 3).
3, 173
Suppose -4*t = -6*t. Suppose -6*l + 183 + 111 = t. List the prime factors of l.
7
List the prime factors of (-2)/(-7) - (-43743)/49.
19, 47
Let a(m) be the first derivative of 2 + 6*m + 0*m**2 - 19*m - 4*m**2. What are the prime factors of a(-6)?
5, 7
Let i be (2 + (-14)/8)*(14 + -10). Let b(n) = n**2 - 6*n + 5. Let y be b(4). List the prime factors of i - (9 + -2)*y.
2, 11
What are the prime factors of (-2235)/(-12) + (-6)/(-8)?
11, 17
Let m(t) = -t. Let s be m(0). Suppose 2*w - 36 = -s*w + 2*i, -3*w + i + 54 = 0. List the prime factors of w.
2, 3
Let d(z) = 335*z**2 - 5*z - 20. List the prime factors of d(4).
2, 5, 7, 19
Let n = 15 - 16. Let o be 30 + 2 + 3*n. Suppose 0 = 5*s + 5*h - 65, s + 4 = -5*h + o. What are the prime factors of s?
2, 5
Let j be 1/((-71)/(-70) - 1). Let k = j + -12. List the prime factors of k.
2, 29
Suppose -4361 = -3*s - 13*a + 15*a, -5823 = -4*s + a. List the prime factors of s.
31, 47
List the prime factors of 5 + 19/((-38)/(-1148)).
3, 193
Let u = 10 + -13. Let d(o) = -o**3 - 2*o**2 + o. Let b be d(u). Let h = 5 + b. List the prime factors of h.
11
List the prime factors of 3 - ((-1239)/7 - 2).
2, 7, 13
Let n(c) = c**2 + 6*c + 7. Let q be n(-5). Suppose -3*f + 5*f + q*y - 22 = 0, 0 = 4*f + 2*y - 48. Suppose -6*x + 5*x = -f. List the prime factors of x.
13
Let z(p) = 4*p**2 + 25*p + 5. Let f be z(-6). Let d(o) = -10*o**2 + 3 - 2 + 35*o**2. List the prime factors of d(f).
2, 13
Suppose 2*o - 114 - 606 = 0. What are the prime factors of o?
2, 3, 5
Suppose 5*b = 0, -2*b = -4*s - 572 + 8148. What are the prime factors of s?
2, 947
Let c = -671 + 2272. List the prime factors of c.
1601
Suppose -4*z - 8132 - 12324 = -4*i, -3*z + 25538 = 5*i. List the prime factors of i.
2, 5, 7, 73
Suppose 2456 = 186*c - 178*c. What are the prime factors of c?
307
Suppose -5*z + p + 888 = -p, 3*z = -2*p + 536. What are the prime factors of z?
2, 89
Let q be 6/5*100/6. Let p be (-1 - -1)/(q + -18). Suppose 2*y - 15 + 7 = p. What are the prime factors of y?
2
Suppose b + 414 = 3*y + 2*b, -3*y + 5*b + 432 = 0. Suppose 0 = -5*z + 146 + y. What are the prime factors of z?
3, 19
Suppose 2*a - 8 = 0, 2*a - 4 = -3*i + 25. Let t(n) = n**2 - 8*n + 7. Let m be t(i). Let p = m + 4. List the prime factors of p.
2
Let q = 16 - -4. Let g(j) = q - 2*j + 0*j + 3*j - 2*j. List the prime factors of g(0).
2, 5
Let s be ((-4)/(-3))/((-6)/(-360)). Suppose -s = 5*i - 125. List the prime factors of i.
3
Suppose 10*u + 135 = 13*u. Let m = 187 - u. What are the prime factors of m?
2, 71
Let q be (1/(-2))/((-2)/20). Suppose -c - q*s = 27, -2*s = 2*c + 2*s + 30. What are the prime factors of (c + 4)/(3/(-5))?
5
Suppose -11807 - 558 = -5*b + k, b + 2*k - 2473 = 0. What are the prime factors of b?
2473
Suppose -2*v = 8, -3*v + 2*v = -2*y + 18. Suppose -657 = -y*g + 127. What are the prime factors of g?
2, 7
Let f(h) = h**3 + 16*h**2 - 4*h - 15. What are the prime factors of f(-15)?
2, 3, 5
List the prime factors of (1 - (-14)/(-10))/(1/(-160)).
2
List the prime factors of (-20)/(-70) - 3/((-42)/39406).
5, 563
Let g(w) = -2*w**3 + 60*w**2 - 120*w - 91. Let z(t) = t**3 - 30*t**2 + 60*t + 46. Let h(o) = -4*g(o) - 7*z(o). List the prime factors of h(28).
2, 7, 11
Suppose -b + 4*b = 21. Let g be b + 1 - 1/1. Suppose 4*v = g + 105. List the prime factors of v.
2, 7
Let q be 4/(-6)*(-27 - 3). Let z = 20 - q. Suppose 2*y - 45 - 7 = z. List the prime factors of y.
2, 13
Let r(x) be the second derivative of -x**3/6 + 2*x**2 + 4*x. What are the prime factors of r(-4)?
2
Suppose -26 = s + 8. Let c = -29 - s. Suppose 6 = -h - h, -c*x = -4*h - 232. What are the prime factors of x?
2, 11
List the prime factors of (0 - (-1289)/(-1))*(-2 + 1).
1289
Suppose b - 2*v = 3*v + 15, 4*v + 12 = 5*b. Suppose 4*y - 4*q = -6*q + 72, b = 2*y - 5*q - 24. What are the prime factors of y?
17
Let v(t) = t - 1. Let z(k) be the second derivative of 5*k**4/12 - k**3/2 + k**2/2 + 9*k. Let b(l) = -3*v(l) + z(l). What are the prime factors of b(2)?
2, 3
Let t = 1322 - 1136. What are the prime factors of t?
2, 3, 31
Suppose -29*q + 28*q + x + 701 = 0, 12 = 3*x. What are the prime factors of q?
3, 5, 47
Let p = 17 - 22. Let x = 1 - p. What are the prime factors of (70/(-15))/((-4)/x)?
7
Suppose 147 = 5*i + z - 132, -2*z + 8 = 0. Suppose 0*v = 5*v - i. List the prime factors of v.
11
Let n = -6754 + 10395. List the prime factors of n.
11, 331
Let k(l) = -7 + 7 - 1 - 41*l + 4*l. List the prime factors of k(-1).
2, 3
Let a(g) = 21*g + 95. List the prime factors of a(16).
431
Let p(v) = 30*v**2 - 8*v - 6. Let c be p(4). Let y = 778 - c. What are the prime factors of y?
2, 3, 7
List the prime factors of (-60)/10 + 987/3.
17, 19
Let f be (66/(-55))/(2/10). Let q = 55 + f. List the prime factors of q.
7
Let n(m) = -2*m**3 - 3*m**2 + 4*m. Let x be n(-3). Let o = -14 + x. List the prime factors of 4/o + (-96)/(-2).
2, 13
Let x(d) = -14*d + 34. Let q(j) = -7*j + 17. Let c(z) = -5*q(z) + 2*x(z). Suppose 2*r + 5*b - 32 = 0, -b = -2*r - 2*b + 16. What are the prime factors of c(r)?
5
Let m(t) = 12*t**2 + 8*t + 3. List the prime factors of m(3).
3, 5
Suppose 3*q - 8 = -n, 2*n - 4*n = 3*q - 4. Suppose -3*d - 2*t + 304 = 3*t, 4*d - 384 = q*t. What are the prime factors of d?
2, 7
Let n = 40 - -262. Let a be n/18 - 4/(-18). Let r = 24 - a. What are the prime factors of r?
7
Suppose 0 = -6*p + 3*p. Let y be (2 + -3 - p)*-1. What are the prime factors of (y - -8)/((-18)/(-30))?
3, 5
List the prime factors of (-5 - 1/(7/14)) + 3769.
2, 3, 11, 19
Let c = 70 + -65. What are the prime factors of c/(15/12)*34?
2, 17
Suppose -23 + 18 = -q. Suppose -157 = -q*i + b, -5*i + i + 114 = 5*b. List the prime factors of i.
31
List the prime factors of 4845/12 + (-3)/4.
13, 31
Let f be 16/6*(12 + -6). Let o be -3*(f/6)/(-2). List the prime factors of o/20 + (-178)/(-10).
2, 3
Let k(f) = 4*f + 2592. List the prime factors of k(0).
2, 3
Let r = 113 - 50. Suppose -l - 5*u = -4*l + r, 5*l + 5*u - 145 = 0. Let d = 2 + l. What are the prime factors of d?
2, 7
Suppose 3*o = 6*a - a + 19, -5*o + 5*a + 15 = 0. Let s be o/2*0/11. Suppose s = 2*p + p + j - 73, -77 = -2*p + 5*j. What are the prime factors of p?
2, 13
Let d = 1010 - 515. What are the prime factors of d?
3, 5, 11
Let w(o) be the third derivative of 0*o + 1/10*o**5 + 1/8*o**4 + 1/3*o**3 + 0 - 6*o**2. List the prime factors of w(3).
5, 13
Suppose 3*x - 24 = 4*g, 2*x + 4*g = 7*x - 48. Suppose -2*z + 6*z + x = 0. List the prime factors of z/(-1 - (-66)/75).
5
Let f = -3616 - -5339. What are the prime factors of f?
1723
List the prime factors of ((-6)/((-24)/28))/(5/10).
2, 7
Let d(p) = p**2 - 9*p - 301. What are the prime factors of d(-50)?
3, 883
Suppose 14*y - 16 = 40. What are the prime factors of (2 + y)/((-2)/(-39))?
3, 13
Let h(z) = -6*z + 104. Let g(m) = -1. Let s(l) = 3*g(l) + h(l). What are the prime factors of s(0)?
101
Let i be 2/((-8)/12)*-42. Let w = -79 + i. List the prime factors of w.
47
Let f = -88 + -366. Let v = -138 - f. What are the prime factors of v?
2, 79
Let n(m) = -m**3 + 33*m**2 - 32*m + 34. Let d be n(32). Suppose q = 4*g + 46, 5*g + 0*q = q - 57. Let f = g + d. What are the prime factors of f?
23
Suppose 58*v + 38705 - 116077 = 0. List the prime factors of v.
2, 23, 29
Let n(a) = -a**3 + 6*a**2 - 5*a. Let s be n(4). Let w be (s/27)/((-2)/(-9)). Suppose 3*v + u = -2*u + 210, -5*v = -w*u - 322. List the prime factors of v.
2, 3, 11
Let s(z) = 135*z**3 - z**2 + 4*z - 2. Suppose 3*h = -w - 2, 2*h + 3 = 4*w - 3. What are the prime factors of s(w)?
2, 17
Suppose -2*q + 22 = -j - 13, 4*j + 110 = 2*q. Let n be (-52)/39*63/(-2). Let l = n + j. What are the prime factors of l?
17
Let r = -172 + 219. Let j = 152 - 61. Suppose -3*l + 4*n + 36 = -r, -4*n = 3*l - j. What are the prime factors of l?
29
List the prime factors of (-1)/14 - (-386802)/532.
727
Let i = 16 + -11. Suppose -3*c - 5 = 5*k, k - 9 = -i*c + 12. Suppose -2*w = 5*x - 0*x, 0 = -c*x - 4*w - 10. List the prime factors of x.
2
Suppose 0 = -85*g + 84*g + 334. List the pr